{"id":392,"date":"2014-10-13T11:22:31","date_gmt":"2014-10-13T09:22:31","guid":{"rendered":"http:\/\/cptafalla.educacion.navarra.es\/web\/?page_id=392"},"modified":"2024-07-03T13:50:38","modified_gmt":"2024-07-03T11:50:38","slug":"el-colegio-2","status":"publish","type":"page","link":"https:\/\/cptafalla.educacion.navarra.es\/web\/el-colegio-2\/","title":{"rendered":"El Colegio\/ Ikastetxea"},"content":{"rendered":"<ul>\n<li>\n<h3><a href=\"https:\/\/cptafalla.educacion.navarra.es\/web\/el-colegio-2\/ideario\/\">Misi\u00f3n, Visi\u00f3n y Valores.<\/a><\/h3>\n<\/li>\n<li>\n<h3><a href=\"https:\/\/cptafalla.educacion.navarra.es\/web\/el-colegio-2\/apyma\/\">APYMA.<\/a><\/h3>\n<\/li>\n<li>\n<h3><a href=\"https:\/\/cptafalla.educacion.navarra.es\/web\/el-colegio-2\/el-colegio\/\">Historia.<\/a><\/h3>\n<\/li>\n<li>\n<h3><a href=\"https:\/\/cptafalla.educacion.navarra.es\/web\/el-colegio-2\/como-llegar-2\/\">Mapa y c\u00f3mo llegar.<\/a><\/h3>\n<\/li>\n<\/ul>\n","protected":false},"excerpt":{"rendered":"<p>Misi\u00f3n, Visi\u00f3n y Valores. APYMA. Historia. Mapa y c\u00f3mo llegar.<\/p>\n","protected":false},"author":1,"featured_media":0,"parent":0,"menu_order":8,"comment_status":"closed","ping_status":"closed","template":"","meta":[],"_links":{"self":[{"href":"https:\/\/cptafalla.educacion.navarra.es\/web\/wp-json\/wp\/v2\/pages\/392"}],"collection":[{"href":"https:\/\/cptafalla.educacion.navarra.es\/web\/wp-json\/wp\/v2\/pages"}],"about":[{"href":"https:\/\/cptafalla.educacion.navarra.es\/web\/wp-json\/wp\/v2\/types\/page"}],"author":[{"embeddable":true,"href":"https:\/\/cptafalla.educacion.navarra.es\/web\/wp-json\/wp\/v2\/users\/1"}],"replies":[{"embeddable":true,"href":"https:\/\/cptafalla.educacion.navarra.es\/web\/wp-json\/wp\/v2\/comments?post=392"}],"version-history":[{"count":3,"href":"https:\/\/cptafalla.educacion.navarra.es\/web\/wp-json\/wp\/v2\/pages\/392\/revisions"}],"predecessor-version":[{"id":9076,"href":"https:\/\/cptafalla.educacion.navarra.es\/web\/wp-json\/wp\/v2\/pages\/392\/revisions\/9076"}],"wp:attachment":[{"href":"https:\/\/cptafalla.educacion.navarra.es\/web\/wp-json\/wp\/v2\/media?parent=392"}],"curies":[{"name":"wp","href":"https:\/\/api.w.org\/{rel}","templated":true}]}}