{"id":318,"date":"2014-10-06T11:36:36","date_gmt":"2014-10-06T09:36:36","guid":{"rendered":"http:\/\/cptafalla.educacion.navarra.es\/web\/?page_id=318"},"modified":"2026-04-14T12:05:30","modified_gmt":"2026-04-14T10:05:30","slug":"comedor","status":"publish","type":"page","link":"https:\/\/cptafalla.educacion.navarra.es\/web\/informaciones\/comedor\/","title":{"rendered":"SERVICIO DE COMEDOR \/JANTOKI ZERBITZUA"},"content":{"rendered":"\n<p><span style=\"font-weight: 400;\">El colegio ofrece con la empresa Aramark servicio de comedor <\/span><b>de lunes a <\/b><b>viernes de\u00a0 septiembre a junio.<\/b><\/p>\n<p><span style=\"font-weight: 400;\">A partir del 4 septiembre las inscripciones y modificaciones se realizan a trav\u00e9s de la <\/span><span style=\"font-weight: 400;\">administraci\u00f3n del colegio.<\/span><\/p>\n<p><b>HORARIO VIERNES, SEPTIEMBRE Y JUNIO<\/b><\/p>\n<p><span style=\"font-weight: 400;\">De 14:00 a 15:00 horas servicio de comida.<\/span><\/p>\n<p><span style=\"font-weight: 400;\">De 15:15 a 15:45 horas recogida del alumnado por parte de las familias.<\/span><\/p>\n<p><b>HORARIO DE OCTUBRE A MAYO<\/b><\/p>\n<p><span style=\"font-weight: 400;\">De 14:00 a 15:00 horas servicio de comida.<\/span><\/p>\n<p><span style=\"font-weight: 400;\">De 15:15 a 15:45 horas recogida del alumnado por parte de las familias.<\/span><\/p>\n<p><span style=\"font-weight: 400;\">Os queremos hacer llegar unas indicaciones de c\u00f3mo comunicar la no asistencia al <\/span><span style=\"font-weight: 400;\">comedor. Las faltas de asistencia al comedor, se deber\u00e1n comunicar en cuanto se sepa a <\/span><span style=\"font-weight: 400;\">Administraci\u00f3n (v\u00eda telef\u00f3nica o por email), y tambi\u00e9n al profesorado tutor (especialmente <\/span><span style=\"font-weight: 400;\">en los cursos de infantil y los inferiores de primaria) como tarde antes de las 9:30 horas de <\/span><span style=\"font-weight: 400;\">ese d\u00eda. Se cobrar\u00e1 2,50\u20ac correspondientes al coste del cuidador o cuidadora. Si no se avisa en plazo, se cobrar\u00e1 la cuota diaria completa que le corresponda.<\/span><\/p>\n<p><span style=\"font-weight: 400;\">La p\u00e1gina web adjudicataria del servicio de comedor es www.elgustodecrecer.es<\/span><\/p>\n<p><a class=\"tac-player-processed\" href=\"https:\/\/drive.google.com\/file\/d\/1lZbQEqmHOKtQh_hqh57Gv84LyubzHRD4\/view?usp=sharing\">MENU ENERO\u00a0<\/a><\/p>\n<p><a class=\"tac-player-processed\" href=\"https:\/\/drive.google.com\/file\/d\/17Slt96tEbt512ouAPOrqKqjDbAiXnBMJ\/view?usp=drive_link\">MENU FEBRERO<\/a><\/p>\n<p><a class=\"tac-player-processed\" href=\"https:\/\/drive.google.com\/file\/d\/1NL1MtAUlxf-V-0V-syKnzvusJqupOLic\/view?usp=sharing\">MENU MARZO<\/a><\/p>\n<p><a class=\"tac-player-processed\" href=\"https:\/\/drive.google.com\/file\/d\/1kEMfLpPoXKA7Hyq4ccsRikttH6sf7WVY\/view?usp=drive_link\">MENU ABRIL<\/a><\/p>\n\n\n\n<div class=\"wp-block-file\"><object class=\"wp-block-file__embed\" data=\"https:\/\/cptafalla.educacion.navarra.es\/web\/wp-content\/uploads\/2025\/10\/BOLETIN-COMEDOR_CURSO-2526.pdf\" type=\"application\/pdf\" style=\"width:100%;height:600px\" aria-label=\"Incrustado de BOLETIN-COMEDOR_CURSO-2526.\"><\/object><a id=\"wp-block-file--media-36b0d9ec-265e-42b9-a735-f2003aca8531\" href=\"https:\/\/cptafalla.educacion.navarra.es\/web\/wp-content\/uploads\/2025\/10\/BOLETIN-COMEDOR_CURSO-2526.pdf\">BOLETIN-COMEDOR_CURSO-2526<\/a><a href=\"https:\/\/cptafalla.educacion.navarra.es\/web\/wp-content\/uploads\/2025\/10\/BOLETIN-COMEDOR_CURSO-2526.pdf\" class=\"wp-block-file__button\" download aria-describedby=\"wp-block-file--media-36b0d9ec-265e-42b9-a735-f2003aca8531\">Descarga<\/a><\/div>\n\n\n<p><span style=\"font-weight: 400;\">Ikastetxeak Aramark enpresarekin jantoki zerbitzua eskaintzen du <\/span><b>irailetik ekainera, astelehenetik ostiraletan.<\/b><\/p>\n<p><span style=\"font-weight: 400;\">Irailaren 4etik aurrera, inskripzioak eta aldaketak eskolako idazkaritzaren bitartez egingo da.\u00a0<\/span><\/p>\n<p><b>ORDUTEGIA: OSTIRALA, IRAILA ETA EKAINA<\/b><\/p>\n<p><span style=\"font-weight: 400;\">14:00etatik 15:00etara, bazkari-zerbitzua.<\/span><\/p>\n<p><span style=\"font-weight: 400;\">15:15etik 15:30era, ikasleen bilketa familien eskutik.<\/span><\/p>\n<p><b>ORDUTEGIA URRITIK MAIATZERA<\/b><\/p>\n<p><span style=\"font-weight: 400;\">14:00etatik 15:00etara, bazkari-zerbitzua.<\/span><\/p>\n<p><span style=\"font-weight: 400;\">15:15etik 15:45era, ikasleen bilketa familien eskutik.<\/span><\/p>\n<p><span style=\"font-weight: 400;\">Honako argibide hauek helarazi nahi dizkizuegu jantokira etorri behar ez badute. <\/span><span style=\"font-weight: 400;\">Jantokira ez joatea jakinarazi egin beharko da idazkaritzan (telefonoz edo posta elektronikoz), eta baita irakasle tutoreak ere jakin behar du(bereziki <\/span><span style=\"font-weight: 400;\">Haur Hezkuntzako eta Lehen Hezkuntzako beheko mailetan), beranduena egun horretako e 9: 30ak baino lehen. <\/span><span style=\"font-weight: 400;\">2,50 \u20ac kobratuko dira, zaintzailearen kostuari dagozkionak. Abisatzen ez bada <\/span><span style=\"font-weight: 400;\">epearen barruan, dagokion eguneko kuota osoa kobratuko da.<\/span><\/p>\n<p><span style=\"font-weight: 400;\">Jantoki-zerbitzuaren webgune esleipenduna\u00a0 <\/span><span style=\"font-weight: 400;\">www.elgustodecrecer.es\u00a0 da.<\/span><\/p>\n<p><a class=\"tac-player-processed\" href=\"https:\/\/drive.google.com\/file\/d\/1lZbQEqmHOKtQh_hqh57Gv84LyubzHRD4\/view?usp=sharing\">URTARRILEKO MENUA<\/a><\/p>\n<p><a class=\"tac-player-processed\" href=\"https:\/\/drive.google.com\/file\/d\/17Slt96tEbt512ouAPOrqKqjDbAiXnBMJ\/view?usp=drive_link\">OTSAILEKO MENUA<\/a><\/p>\n<p><a class=\"tac-player-processed\" href=\"https:\/\/drive.google.com\/file\/d\/1NL1MtAUlxf-V-0V-syKnzvusJqupOLic\/view?usp=sharing\">MARTXOKO MENUA<\/a><\/p>\n<p><a class=\"tac-player-processed\" href=\"https:\/\/drive.google.com\/file\/d\/1kEMfLpPoXKA7Hyq4ccsRikttH6sf7WVY\/view?usp=drive_link\">APIRILEKO MENUA<\/a><\/p>\n\n\n<div class=\"wp-block-file\"><object class=\"wp-block-file__embed\" data=\"https:\/\/cptafalla.educacion.navarra.es\/web\/wp-content\/uploads\/2025\/10\/JANGELAREN-BULETINA_2526-KURTSOA-1-1.pdf\" type=\"application\/pdf\" style=\"width:100%;height:600px\" aria-label=\"Incrustado de JANGELAREN-BULETINA_2526-KURTSOA-1-1.\"><\/object><a id=\"wp-block-file--media-7fc70edc-7c80-4f32-8c8d-1e696700e01f\" href=\"https:\/\/cptafalla.educacion.navarra.es\/web\/wp-content\/uploads\/2025\/10\/JANGELAREN-BULETINA_2526-KURTSOA-1-1.pdf\">JANGELAREN-BULETINA_2526-KURTSOA-1-1<\/a><a href=\"https:\/\/cptafalla.educacion.navarra.es\/web\/wp-content\/uploads\/2025\/10\/JANGELAREN-BULETINA_2526-KURTSOA-1-1.pdf\" class=\"wp-block-file__button\" download aria-describedby=\"wp-block-file--media-7fc70edc-7c80-4f32-8c8d-1e696700e01f\">Descarga<\/a><\/div>\n","protected":false},"excerpt":{"rendered":"<p>El colegio ofrece con la empresa Aramark servicio de comedor de lunes a viernes de\u00a0 septiembre a junio. A partir del 4 septiembre las inscripciones y modificaciones se realizan a trav\u00e9s de la administraci\u00f3n del colegio. HORARIO VIERNES, SEPTIEMBRE Y JUNIO De 14:00 a 15:00 horas servicio de comida. De 15:15 a 15:45 horas recogida &hellip; <a href=\"https:\/\/cptafalla.educacion.navarra.es\/web\/informaciones\/comedor\/\" class=\"more-link\">Seguir leyendo <span class=\"screen-reader-text\">SERVICIO DE COMEDOR \/JANTOKI ZERBITZUA<\/span> <span class=\"meta-nav\">&rarr;<\/span><\/a><\/p>\n","protected":false},"author":1,"featured_media":0,"parent":132,"menu_order":8,"comment_status":"closed","ping_status":"closed","template":"","meta":[],"_links":{"self":[{"href":"https:\/\/cptafalla.educacion.navarra.es\/web\/wp-json\/wp\/v2\/pages\/318"}],"collection":[{"href":"https:\/\/cptafalla.educacion.navarra.es\/web\/wp-json\/wp\/v2\/pages"}],"about":[{"href":"https:\/\/cptafalla.educacion.navarra.es\/web\/wp-json\/wp\/v2\/types\/page"}],"author":[{"embeddable":true,"href":"https:\/\/cptafalla.educacion.navarra.es\/web\/wp-json\/wp\/v2\/users\/1"}],"replies":[{"embeddable":true,"href":"https:\/\/cptafalla.educacion.navarra.es\/web\/wp-json\/wp\/v2\/comments?post=318"}],"version-history":[{"count":49,"href":"https:\/\/cptafalla.educacion.navarra.es\/web\/wp-json\/wp\/v2\/pages\/318\/revisions"}],"predecessor-version":[{"id":10524,"href":"https:\/\/cptafalla.educacion.navarra.es\/web\/wp-json\/wp\/v2\/pages\/318\/revisions\/10524"}],"up":[{"embeddable":true,"href":"https:\/\/cptafalla.educacion.navarra.es\/web\/wp-json\/wp\/v2\/pages\/132"}],"wp:attachment":[{"href":"https:\/\/cptafalla.educacion.navarra.es\/web\/wp-json\/wp\/v2\/media?parent=318"}],"curies":[{"name":"wp","href":"https:\/\/api.w.org\/{rel}","templated":true}]}}