{"id":2845,"date":"2018-10-08T13:13:50","date_gmt":"2018-10-08T11:13:50","guid":{"rendered":"http:\/\/cptafalla.educacion.navarra.es\/web\/?page_id=2845"},"modified":"2019-06-18T10:19:55","modified_gmt":"2019-06-18T08:19:55","slug":"pec","status":"publish","type":"page","link":"https:\/\/cptafalla.educacion.navarra.es\/web\/proyectos\/pec\/","title":{"rendered":"PEC"},"content":{"rendered":"<p>Nuestro Proyecto Educativo de Centro, como tal, data de 1991, pero al haberse presentado un Proyecto de Direcci\u00f3n en la convocatoria de 2011 y conseguir la plaza superando el correspondiente Tribunal, esta propuesta de trabajo se convierte en el Plan Estrat\u00e9gico del Centro para los siguientes a\u00f1os y, por tanto, pasa a tener la consideraci\u00f3n de Proyecto Educativo de Centro, complementado con todos los diferentes planes que el Centro tiene por normativa: Plan de Acci\u00f3n Tutorial, Plan de Atenci\u00f3n a la Diversidad, Plan de Convivencia, Plan de Autoprotecci\u00f3n, etc.<\/p>\n<a href=\"https:\/\/cptafalla.educacion.navarra.es\/web\/wp-content\/uploads\/2018\/10\/Proyecto_Direccion_2011-2019.pdf\" class=\"pdfemb-viewer\" style=\"\" data-width=\"max\" data-height=\"max\" data-toolbar=\"bottom\" data-toolbar-fixed=\"off\">Proyecto_Direccion_2011-2019<\/a>\n","protected":false},"excerpt":{"rendered":"<p>Nuestro Proyecto Educativo de Centro, como tal, data de 1991, pero al haberse presentado un Proyecto de Direcci\u00f3n en la convocatoria de 2011 y conseguir la plaza superando el correspondiente Tribunal, esta propuesta de trabajo se convierte en el Plan Estrat\u00e9gico del Centro para los siguientes a\u00f1os y, por tanto, pasa a tener la consideraci\u00f3n &hellip; <a href=\"https:\/\/cptafalla.educacion.navarra.es\/web\/proyectos\/pec\/\" class=\"more-link\">Seguir leyendo <span class=\"screen-reader-text\">PEC<\/span> <span class=\"meta-nav\">&rarr;<\/span><\/a><\/p>\n","protected":false},"author":1,"featured_media":0,"parent":636,"menu_order":0,"comment_status":"closed","ping_status":"closed","template":"","meta":[],"_links":{"self":[{"href":"https:\/\/cptafalla.educacion.navarra.es\/web\/wp-json\/wp\/v2\/pages\/2845"}],"collection":[{"href":"https:\/\/cptafalla.educacion.navarra.es\/web\/wp-json\/wp\/v2\/pages"}],"about":[{"href":"https:\/\/cptafalla.educacion.navarra.es\/web\/wp-json\/wp\/v2\/types\/page"}],"author":[{"embeddable":true,"href":"https:\/\/cptafalla.educacion.navarra.es\/web\/wp-json\/wp\/v2\/users\/1"}],"replies":[{"embeddable":true,"href":"https:\/\/cptafalla.educacion.navarra.es\/web\/wp-json\/wp\/v2\/comments?post=2845"}],"version-history":[{"count":2,"href":"https:\/\/cptafalla.educacion.navarra.es\/web\/wp-json\/wp\/v2\/pages\/2845\/revisions"}],"predecessor-version":[{"id":3871,"href":"https:\/\/cptafalla.educacion.navarra.es\/web\/wp-json\/wp\/v2\/pages\/2845\/revisions\/3871"}],"up":[{"embeddable":true,"href":"https:\/\/cptafalla.educacion.navarra.es\/web\/wp-json\/wp\/v2\/pages\/636"}],"wp:attachment":[{"href":"https:\/\/cptafalla.educacion.navarra.es\/web\/wp-json\/wp\/v2\/media?parent=2845"}],"curies":[{"name":"wp","href":"https:\/\/api.w.org\/{rel}","templated":true}]}}

<p>Nuestro Proyecto Educativo de Centro, como tal, data de 1991, pero al haberse presentado un Proyecto de Dirección en la convocatoria de 2011 y conseguir la plaza superando el correspondiente Tribunal, esta propuesta de trabajo se convierte en el Plan Estratégico del Centro para los siguientes años y, por tanto, pasa a tener la consideración de Proyecto Educativo de Centro, complementado con todos los diferentes planes que el Centro tiene por normativa: Plan de Acción Tutorial, Plan de Atención a la Diversidad, Plan de Convivencia, Plan de Autoprotección, etc.</p>
<a href="https://cptafalla.educacion.navarra.es/web/wp-content/uploads/2018/10/Proyecto_Direccion_2011-2019.pdf" class="pdfemb-viewer" style="" data-width="max" data-height="max" data-toolbar="bottom" data-toolbar-fixed="off">Proyecto_Direccion_2011-2019</a>

<p>Nuestro Proyecto Educativo de Centro, como tal, data de 1991, pero al haberse presentado un Proyecto de Dirección en la convocatoria de 2011 y conseguir la plaza superando el correspondiente Tribunal, esta propuesta de trabajo se convierte en el Plan Estratégico del Centro para los siguientes años y, por tanto, pasa a tener la consideración &hellip; <a href="https://cptafalla.educacion.navarra.es/web/proyectos/pec/" class="more-link">Seguir leyendo <span class="screen-reader-text">PEC</span> <span class="meta-nav">&rarr;</span></a></p>
