{"id":2,"date":"2014-09-14T00:00:25","date_gmt":"2014-09-13T22:00:25","guid":{"rendered":"http:\/\/cptafalla.educacion.navarra.es\/web\/?page_id=2"},"modified":"2016-03-31T18:59:52","modified_gmt":"2016-03-31T16:59:52","slug":"el-colegio","status":"publish","type":"page","link":"https:\/\/cptafalla.educacion.navarra.es\/web\/el-colegio-2\/el-colegio\/","title":{"rendered":"Historia"},"content":{"rendered":"<p>El <strong>Colegio P\u00fablico de Educaci\u00f3n Infantil y Primaria Marqu\u00e9s de la Real Defensa<\/strong> est\u00e1 ubicado en <a href=\"http:\/\/www.tafalla.es\" target=\"_blank\">Tafalla<\/a>, s\u00e9ptima ciudad en poblaci\u00f3n de la <a href=\"http:\/\/www.navarra.es\" target=\"_blank\">Comunidad Foral de Navarra<\/a> y cabecera de comarca de la Zona Media, situada en la uni\u00f3n del eje Norte-Sur que une <a href=\"http:\/\/www.pamplona.es\/\" target=\"_blank\">Pamplona<\/a> con <a href=\"http:\/\/www.tudela.es\" target=\"_blank\">Tudela<\/a> y el eje Este-Oeste que enlaza <a href=\"http:\/\/www.estella-lizarra.com\/\" target=\"_blank\">Estella<\/a> con <a href=\"http:\/\/www.estella-lizarra.com\/\" target=\"_blank\">Sang\u00fcesa<\/a>.<\/p>\n<p>La presencia de la Ense\u00f1anza P\u00fablica en Tafalla se remonta al siglo\u00a0XV, \u00a0pero es en 1977 cuando se puso en funcionamiento <a href=\"https:\/\/maps.google.es\/maps?q=google+maps+tafalla+calle+pesquera&amp;ie=UTF-8&amp;hq=&amp;hnear=0xd5a781eb61be9fb:0x40d306391570c1d8,Calle+Pesquera,+31300+Tafalla,+Navarra&amp;gl=es&amp;ei=1xXyUpLoCpPY7AbyzIG4DA&amp;ved=0CC8Q8gEwAA\" target=\"_blank\">el actual edificio<\/a>.<\/p>\n<p><a href=\"https:\/\/cptafalla.educacion.navarra.es\/web\/wp-content\/uploads\/2014\/02\/1977_02.jpg\"><img loading=\"lazy\" class=\"alignnone size-medium wp-image-44\" src=\"https:\/\/cptafalla.educacion.navarra.es\/web\/wp-content\/uploads\/2014\/02\/1977_02-300x240.jpg\" alt=\"1977_02\" width=\"300\" height=\"240\" srcset=\"https:\/\/cptafalla.educacion.navarra.es\/web\/wp-content\/uploads\/2014\/02\/1977_02-300x240.jpg 300w, https:\/\/cptafalla.educacion.navarra.es\/web\/wp-content\/uploads\/2014\/02\/1977_02-1024x819.jpg 1024w, https:\/\/cptafalla.educacion.navarra.es\/web\/wp-content\/uploads\/2014\/02\/1977_02.jpg 1476w\" sizes=\"(max-width: 300px) 100vw, 300px\" \/><\/a>\u00a0 \u00a0 \u00a0 \u00a0<a href=\"https:\/\/cptafalla.educacion.navarra.es\/web\/wp-content\/uploads\/2014\/02\/1977_01.jpg\"><img loading=\"lazy\" class=\"alignnone size-medium wp-image-43\" src=\"https:\/\/cptafalla.educacion.navarra.es\/web\/wp-content\/uploads\/2014\/02\/1977_01-300x240.jpg\" alt=\"1977_01\" width=\"300\" height=\"240\" srcset=\"https:\/\/cptafalla.educacion.navarra.es\/web\/wp-content\/uploads\/2014\/02\/1977_01-300x240.jpg 300w, https:\/\/cptafalla.educacion.navarra.es\/web\/wp-content\/uploads\/2014\/02\/1977_01-1024x819.jpg 1024w, https:\/\/cptafalla.educacion.navarra.es\/web\/wp-content\/uploads\/2014\/02\/1977_01.jpg 1476w\" sizes=\"(max-width: 300px) 100vw, 300px\" \/><\/a>\u00a0 \u00a0 \u00a0\u00a0<a href=\"https:\/\/cptafalla.educacion.navarra.es\/web\/wp-content\/uploads\/2014\/02\/1977_03.jpg\"><img loading=\"lazy\" class=\"alignnone size-medium wp-image-36\" src=\"https:\/\/cptafalla.educacion.navarra.es\/web\/wp-content\/uploads\/2014\/02\/1977_03-300x240.jpg\" alt=\"1977_03\" width=\"300\" height=\"240\" srcset=\"https:\/\/cptafalla.educacion.navarra.es\/web\/wp-content\/uploads\/2014\/02\/1977_03-300x240.jpg 300w, https:\/\/cptafalla.educacion.navarra.es\/web\/wp-content\/uploads\/2014\/02\/1977_03-1024x819.jpg 1024w, https:\/\/cptafalla.educacion.navarra.es\/web\/wp-content\/uploads\/2014\/02\/1977_03.jpg 1476w\" sizes=\"(max-width: 300px) 100vw, 300px\" \/><\/a><\/p>\n<p>Si bien fue construido a las afueras de la ciudad, \u00a0los planes urban\u00edsticos municipales han elegido tambi\u00e9n crecer en esta direcci\u00f3n por lo que se conjuga una rara y positiva mezcla: amplias instalaciones en un enclave rodeado de naturaleza y, a la vez, \u00a0integradas en la urbanizaci\u00f3n de la ciudad.<\/p>\n<p><a href=\"https:\/\/cptafalla.educacion.navarra.es\/web\/wp-content\/uploads\/2014\/09\/CP_parcela.jpg\"><img loading=\"lazy\" class=\"alignnone size-medium wp-image-160\" src=\"https:\/\/cptafalla.educacion.navarra.es\/web\/wp-content\/uploads\/2014\/09\/CP_parcela-300x274.jpg\" alt=\"CP_parcela\" width=\"300\" height=\"274\" srcset=\"https:\/\/cptafalla.educacion.navarra.es\/web\/wp-content\/uploads\/2014\/09\/CP_parcela-300x274.jpg 300w, https:\/\/cptafalla.educacion.navarra.es\/web\/wp-content\/uploads\/2014\/09\/CP_parcela-1024x936.jpg 1024w, https:\/\/cptafalla.educacion.navarra.es\/web\/wp-content\/uploads\/2014\/09\/CP_parcela.jpg 1937w\" sizes=\"(max-width: 300px) 100vw, 300px\" \/><\/a><\/p>\n<p>Concretamente, estamos hablando de una parcela inmensa de m\u00e1s de 30.000 metros cuadrados (con unas completas instalaciones deportivas y de ocio y unas holgadas instalaciones acad\u00e9micas) dentro de la urbanizaci\u00f3n de la AR-2, con f\u00e1ciles accesos, frente al <a href=\"http:\/\/www.holatafalla.com\/\" target=\"_blank\">Hotel<\/a>, cercana a la <a href=\"http:\/\/www.tafalla.es\/2012\/ciudad-deportiva-tafalla-velodromo-miguel-indurain\/\" target=\"_blank\">Ciudad Deportiva<\/a> (con vel\u00f3dromo, pistas polideportivas, gimnasio, piscinas cubiertas y de verano, campos de f\u00fatbol\u2026), el\u00a0<a href=\"http:\/\/politecnicotafalla.educacion.navarra.es\/web\/\" target=\"_blank\">Centro Integrado Polit\u00e9cnico<\/a>, campo de f\u00fatbol municipal donde juega la <a href=\"http:\/\/www.xn--peasport-e3a.es\/\" target=\"_blank\">Pe\u00f1a Sport<\/a> y con un desarrollo urban\u00edstico potencial a su alrededor de 1.500 viviendas.<\/p>\n<p><a href=\"https:\/\/cptafalla.educacion.navarra.es\/web\/wp-content\/uploads\/2014\/09\/CP_en_entorno.jpg\"><img loading=\"lazy\" class=\"alignnone size-large wp-image-161\" src=\"https:\/\/cptafalla.educacion.navarra.es\/web\/wp-content\/uploads\/2014\/09\/CP_en_entorno-1024x763.jpg\" alt=\"CP_en_entorno\" width=\"474\" height=\"353\" srcset=\"https:\/\/cptafalla.educacion.navarra.es\/web\/wp-content\/uploads\/2014\/09\/CP_en_entorno-1024x763.jpg 1024w, https:\/\/cptafalla.educacion.navarra.es\/web\/wp-content\/uploads\/2014\/09\/CP_en_entorno-300x223.jpg 300w\" sizes=\"(max-width: 474px) 100vw, 474px\" \/><\/a><\/p>\n<p><a href=\"https:\/\/cptafalla.educacion.navarra.es\/web\/wp-content\/uploads\/2014\/09\/CHAPA-CHICA_J.jpg\">\u00a0<\/a><\/p>\n<p><a href=\"https:\/\/cptafalla.educacion.navarra.es\/web\/wp-content\/uploads\/2014\/09\/Sebastian_Eslava.jpg\"><img loading=\"lazy\" class=\"alignnone size-medium wp-image-427\" src=\"https:\/\/cptafalla.educacion.navarra.es\/web\/wp-content\/uploads\/2014\/09\/Sebastian_Eslava-239x300.jpg\" alt=\"Sebastian_Eslava\" width=\"239\" height=\"300\" srcset=\"https:\/\/cptafalla.educacion.navarra.es\/web\/wp-content\/uploads\/2014\/09\/Sebastian_Eslava-239x300.jpg 239w, https:\/\/cptafalla.educacion.navarra.es\/web\/wp-content\/uploads\/2014\/09\/Sebastian_Eslava-817x1024.jpg 817w, https:\/\/cptafalla.educacion.navarra.es\/web\/wp-content\/uploads\/2014\/09\/Sebastian_Eslava.jpg 1971w\" sizes=\"(max-width: 239px) 100vw, 239px\" \/><\/a><\/p>\n<p><span style=\"line-height: 1.5;\">El navarro <a href=\"http:\/\/es.wikipedia.org\/wiki\/Sebasti%C3%A1n_de_Eslava\" target=\"_blank\">Sebasti\u00e1n de Eslava y Lazaga<\/a>, primer Virrey del Reino de la Nueva Granada (territorio compuesto por las actuales\u00a0Venezuela, Colombia, Panam\u00e1 y Ecuador) defendi\u00f3, junto al Almirante\u00a0<a href=\"http:\/\/es.wikipedia.org\/wiki\/Blas_de_Lezo\" target=\"_blank\">Blas de Lezo<\/a>, la &#8216;marca&#8217; de <a href=\"https:\/\/es.wikipedia.org\/wiki\/Sitio_de_Cartagena_de_Indias_(1741)\" target=\"_blank\">Cartagena de Indias<\/a> en la derrota brit\u00e1nica del Almirante <a href=\"https:\/\/es.wikipedia.org\/wiki\/Edward_Vernon\" target=\"_blank\">Edward Vernon<\/a> en 1741, por lo que fue honrado p\u00f3stumamente con el t\u00edtulo de &#8216;<em>Marqu\u00e9s de la Real Defensa<\/em> de Cartagena de Indias&#8217;. <\/span><\/p>\n<p><span style=\"line-height: 1.5;\">Tiburcio Mencos y Bernaldo de Quir\u00f3s, VI Marqu\u00e9s de la Real Defensa, cedi\u00f3 unos terrenos frente al\u00a0<a href=\"http:\/\/www.palaciodelosmencos.es\" target=\"_blank\">Palacio de los Mencos<\/a>\u00a0para la construcci\u00f3n de las <strong>Escuelas Nacionales\u00a0<\/strong>(actual edificio de la <a href=\"http:\/\/www.tafallakoikastola.com\/es\/index.asp\" target=\"_blank\">Ikastola <\/a>en la calle La Plana), inauguradas en septiembre de 1962 y que recibir\u00e1n el nombre de &#8216;Marqu\u00e9s de la Real Defensa&#8217; en reconocimiento a dicha cesi\u00f3n .<\/span><\/p>\n<p>Posteriormente, con el aumento de matr\u00edcula y la nueva pol\u00edtica de concentraciones escolares a partir de la Ley General de Educaci\u00f3n de 1970, se busca una nueva ubicaci\u00f3n para el nuevo colegio en unas tierras que coincide que tambi\u00e9n son de propiedad del Marqu\u00e9s. Tras una permuta de fincas con el Ayuntamiento, el <strong>Colegio P\u00fablico Comarcal Marqu\u00e9s de la Real Defensa<\/strong> se inaugura en octubre de 1977 (y de ah\u00ed su denominaci\u00f3n popular de &#8216;Comarcales&#8217;).<\/p>\n<p><a href=\"https:\/\/cptafalla.educacion.navarra.es\/web\/wp-content\/uploads\/2014\/09\/Folleto-Sebasti\u00e1n-de-Eslava.pdf\" target=\"_blank\">Tr\u00edptico informativo sobre Sebasti\u00e1n de Eslava y Lazaga<\/a><\/p>\n","protected":false},"excerpt":{"rendered":"<p>El Colegio P\u00fablico de Educaci\u00f3n Infantil y Primaria Marqu\u00e9s de la Real Defensa est\u00e1 ubicado en Tafalla, s\u00e9ptima ciudad en poblaci\u00f3n de la Comunidad Foral de Navarra y cabecera de comarca de la Zona Media, situada en la uni\u00f3n del eje Norte-Sur que une Pamplona con Tudela y el eje Este-Oeste que enlaza Estella con &hellip; <a href=\"https:\/\/cptafalla.educacion.navarra.es\/web\/el-colegio-2\/el-colegio\/\" class=\"more-link\">Seguir leyendo <span class=\"screen-reader-text\">Historia<\/span> <span class=\"meta-nav\">&rarr;<\/span><\/a><\/p>\n","protected":false},"author":1,"featured_media":0,"parent":392,"menu_order":3,"comment_status":"closed","ping_status":"closed","template":"","meta":[],"_links":{"self":[{"href":"https:\/\/cptafalla.educacion.navarra.es\/web\/wp-json\/wp\/v2\/pages\/2"}],"collection":[{"href":"https:\/\/cptafalla.educacion.navarra.es\/web\/wp-json\/wp\/v2\/pages"}],"about":[{"href":"https:\/\/cptafalla.educacion.navarra.es\/web\/wp-json\/wp\/v2\/types\/page"}],"author":[{"embeddable":true,"href":"https:\/\/cptafalla.educacion.navarra.es\/web\/wp-json\/wp\/v2\/users\/1"}],"replies":[{"embeddable":true,"href":"https:\/\/cptafalla.educacion.navarra.es\/web\/wp-json\/wp\/v2\/comments?post=2"}],"version-history":[{"count":31,"href":"https:\/\/cptafalla.educacion.navarra.es\/web\/wp-json\/wp\/v2\/pages\/2\/revisions"}],"predecessor-version":[{"id":1121,"href":"https:\/\/cptafalla.educacion.navarra.es\/web\/wp-json\/wp\/v2\/pages\/2\/revisions\/1121"}],"up":[{"embeddable":true,"href":"https:\/\/cptafalla.educacion.navarra.es\/web\/wp-json\/wp\/v2\/pages\/392"}],"wp:attachment":[{"href":"https:\/\/cptafalla.educacion.navarra.es\/web\/wp-json\/wp\/v2\/media?parent=2"}],"curies":[{"name":"wp","href":"https:\/\/api.w.org\/{rel}","templated":true}]}}

<p>El <strong>Colegio Público de Educación Infantil y Primaria Marqués de la Real Defensa</strong> está ubicado en <a href="http://www.tafalla.es" target="_blank">Tafalla</a>, séptima ciudad en población de la <a href="http://www.navarra.es" target="_blank">Comunidad Foral de Navarra</a> y cabecera de comarca de la Zona Media, situada en la unión del eje Norte-Sur que une <a href="http://www.pamplona.es/" target="_blank">Pamplona</a> con <a href="http://www.tudela.es" target="_blank">Tudela</a> y el eje Este-Oeste que enlaza <a href="http://www.estella-lizarra.com/" target="_blank">Estella</a> con <a href="http://www.estella-lizarra.com/" target="_blank">Sangüesa</a>.</p>
<p>La presencia de la Enseñanza Pública en Tafalla se remonta al siglo XV,  pero es en 1977 cuando se puso en funcionamiento <a href="https://maps.google.es/maps?q=google+maps+tafalla+calle+pesquera&amp;ie=UTF-8&amp;hq=&amp;hnear=0xd5a781eb61be9fb:0x40d306391570c1d8,Calle+Pesquera,+31300+Tafalla,+Navarra&amp;gl=es&amp;ei=1xXyUpLoCpPY7AbyzIG4DA&amp;ved=0CC8Q8gEwAA" target="_blank">el actual edificio</a>.</p>
<p><a href="https://cptafalla.educacion.navarra.es/web/wp-content/uploads/2014/02/1977_02.jpg"><img loading="lazy" class="alignnone size-medium wp-image-44" src="https://cptafalla.educacion.navarra.es/web/wp-content/uploads/2014/02/1977_02-300x240.jpg" alt="1977_02" width="300" height="240" srcset="https://cptafalla.educacion.navarra.es/web/wp-content/uploads/2014/02/1977_02-300x240.jpg 300w, https://cptafalla.educacion.navarra.es/web/wp-content/uploads/2014/02/1977_02-1024x819.jpg 1024w, https://cptafalla.educacion.navarra.es/web/wp-content/uploads/2014/02/1977_02.jpg 1476w" sizes="(max-width: 300px) 100vw, 300px" /></a>       <a href="https://cptafalla.educacion.navarra.es/web/wp-content/uploads/2014/02/1977_01.jpg"><img loading="lazy" class="alignnone size-medium wp-image-43" src="https://cptafalla.educacion.navarra.es/web/wp-content/uploads/2014/02/1977_01-300x240.jpg" alt="1977_01" width="300" height="240" srcset="https://cptafalla.educacion.navarra.es/web/wp-content/uploads/2014/02/1977_01-300x240.jpg 300w, https://cptafalla.educacion.navarra.es/web/wp-content/uploads/2014/02/1977_01-1024x819.jpg 1024w, https://cptafalla.educacion.navarra.es/web/wp-content/uploads/2014/02/1977_01.jpg 1476w" sizes="(max-width: 300px) 100vw, 300px" /></a>      <a href="https://cptafalla.educacion.navarra.es/web/wp-content/uploads/2014/02/1977_03.jpg"><img loading="lazy" class="alignnone size-medium wp-image-36" src="https://cptafalla.educacion.navarra.es/web/wp-content/uploads/2014/02/1977_03-300x240.jpg" alt="1977_03" width="300" height="240" srcset="https://cptafalla.educacion.navarra.es/web/wp-content/uploads/2014/02/1977_03-300x240.jpg 300w, https://cptafalla.educacion.navarra.es/web/wp-content/uploads/2014/02/1977_03-1024x819.jpg 1024w, https://cptafalla.educacion.navarra.es/web/wp-content/uploads/2014/02/1977_03.jpg 1476w" sizes="(max-width: 300px) 100vw, 300px" /></a></p>
<p>Si bien fue construido a las afueras de la ciudad,  los planes urbanísticos municipales han elegido también crecer en esta dirección por lo que se conjuga una rara y positiva mezcla: amplias instalaciones en un enclave rodeado de naturaleza y, a la vez,  integradas en la urbanización de la ciudad.</p>
<p><a href="https://cptafalla.educacion.navarra.es/web/wp-content/uploads/2014/09/CP_parcela.jpg"><img loading="lazy" class="alignnone size-medium wp-image-160" src="https://cptafalla.educacion.navarra.es/web/wp-content/uploads/2014/09/CP_parcela-300x274.jpg" alt="CP_parcela" width="300" height="274" srcset="https://cptafalla.educacion.navarra.es/web/wp-content/uploads/2014/09/CP_parcela-300x274.jpg 300w, https://cptafalla.educacion.navarra.es/web/wp-content/uploads/2014/09/CP_parcela-1024x936.jpg 1024w, https://cptafalla.educacion.navarra.es/web/wp-content/uploads/2014/09/CP_parcela.jpg 1937w" sizes="(max-width: 300px) 100vw, 300px" /></a></p>
<p>Concretamente, estamos hablando de una parcela inmensa de más de 30.000 metros cuadrados (con unas completas instalaciones deportivas y de ocio y unas holgadas instalaciones académicas) dentro de la urbanización de la AR-2, con fáciles accesos, frente al <a href="http://www.holatafalla.com/" target="_blank">Hotel</a>, cercana a la <a href="http://www.tafalla.es/2012/ciudad-deportiva-tafalla-velodromo-miguel-indurain/" target="_blank">Ciudad Deportiva</a> (con velódromo, pistas polideportivas, gimnasio, piscinas cubiertas y de verano, campos de fútbol…), el <a href="http://politecnicotafalla.educacion.navarra.es/web/" target="_blank">Centro Integrado Politécnico</a>, campo de fútbol municipal donde juega la <a href="http://www.xn--peasport-e3a.es/" target="_blank">Peña Sport</a> y con un desarrollo urbanístico potencial a su alrededor de 1.500 viviendas.</p>
<p><a href="https://cptafalla.educacion.navarra.es/web/wp-content/uploads/2014/09/CP_en_entorno.jpg"><img loading="lazy" class="alignnone size-large wp-image-161" src="https://cptafalla.educacion.navarra.es/web/wp-content/uploads/2014/09/CP_en_entorno-1024x763.jpg" alt="CP_en_entorno" width="474" height="353" srcset="https://cptafalla.educacion.navarra.es/web/wp-content/uploads/2014/09/CP_en_entorno-1024x763.jpg 1024w, https://cptafalla.educacion.navarra.es/web/wp-content/uploads/2014/09/CP_en_entorno-300x223.jpg 300w" sizes="(max-width: 474px) 100vw, 474px" /></a></p>
<p><a href="https://cptafalla.educacion.navarra.es/web/wp-content/uploads/2014/09/CHAPA-CHICA_J.jpg"> </a></p>
<p><a href="https://cptafalla.educacion.navarra.es/web/wp-content/uploads/2014/09/Sebastian_Eslava.jpg"><img loading="lazy" class="alignnone size-medium wp-image-427" src="https://cptafalla.educacion.navarra.es/web/wp-content/uploads/2014/09/Sebastian_Eslava-239x300.jpg" alt="Sebastian_Eslava" width="239" height="300" srcset="https://cptafalla.educacion.navarra.es/web/wp-content/uploads/2014/09/Sebastian_Eslava-239x300.jpg 239w, https://cptafalla.educacion.navarra.es/web/wp-content/uploads/2014/09/Sebastian_Eslava-817x1024.jpg 817w, https://cptafalla.educacion.navarra.es/web/wp-content/uploads/2014/09/Sebastian_Eslava.jpg 1971w" sizes="(max-width: 239px) 100vw, 239px" /></a></p>
<p><span style="line-height: 1.5;">El navarro <a href="http://es.wikipedia.org/wiki/Sebasti%C3%A1n_de_Eslava" target="_blank">Sebastián de Eslava y Lazaga</a>, primer Virrey del Reino de la Nueva Granada (territorio compuesto por las actuales Venezuela, Colombia, Panamá y Ecuador) defendió, junto al Almirante <a href="http://es.wikipedia.org/wiki/Blas_de_Lezo" target="_blank">Blas de Lezo</a>, la &#8216;marca&#8217; de <a href="https://es.wikipedia.org/wiki/Sitio_de_Cartagena_de_Indias_(1741)" target="_blank">Cartagena de Indias</a> en la derrota británica del Almirante <a href="https://es.wikipedia.org/wiki/Edward_Vernon" target="_blank">Edward Vernon</a> en 1741, por lo que fue honrado póstumamente con el título de &#8216;<em>Marqués de la Real Defensa</em> de Cartagena de Indias&#8217;. </span></p>
<p><span style="line-height: 1.5;">Tiburcio Mencos y Bernaldo de Quirós, VI Marqués de la Real Defensa, cedió unos terrenos frente al <a href="http://www.palaciodelosmencos.es" target="_blank">Palacio de los Mencos</a> para la construcción de las <strong>Escuelas Nacionales </strong>(actual edificio de la <a href="http://www.tafallakoikastola.com/es/index.asp" target="_blank">Ikastola </a>en la calle La Plana), inauguradas en septiembre de 1962 y que recibirán el nombre de &#8216;Marqués de la Real Defensa&#8217; en reconocimiento a dicha cesión .</span></p>
<p>Posteriormente, con el aumento de matrícula y la nueva política de concentraciones escolares a partir de la Ley General de Educación de 1970, se busca una nueva ubicación para el nuevo colegio en unas tierras que coincide que también son de propiedad del Marqués. Tras una permuta de fincas con el Ayuntamiento, el <strong>Colegio Público Comarcal Marqués de la Real Defensa</strong> se inaugura en octubre de 1977 (y de ahí su denominación popular de &#8216;Comarcales&#8217;).</p>
<p><a href="https://cptafalla.educacion.navarra.es/web/wp-content/uploads/2014/09/Folleto-Sebastián-de-Eslava.pdf" target="_blank">Tríptico informativo sobre Sebastián de Eslava y Lazaga</a></p>

<p>El Colegio Público de Educación Infantil y Primaria Marqués de la Real Defensa está ubicado en Tafalla, séptima ciudad en población de la Comunidad Foral de Navarra y cabecera de comarca de la Zona Media, situada en la unión del eje Norte-Sur que une Pamplona con Tudela y el eje Este-Oeste que enlaza Estella con &hellip; <a href="https://cptafalla.educacion.navarra.es/web/el-colegio-2/el-colegio/" class="more-link">Seguir leyendo <span class="screen-reader-text">Historia</span> <span class="meta-nav">&rarr;</span></a></p>
