{"id":102,"date":"2014-09-14T17:00:43","date_gmt":"2014-09-14T15:00:43","guid":{"rendered":"http:\/\/cptafalla.educacion.navarra.es\/web\/?page_id=102"},"modified":"2017-01-25T13:57:51","modified_gmt":"2017-01-25T12:57:51","slug":"foto-reportaje","status":"publish","type":"page","link":"https:\/\/cptafalla.educacion.navarra.es\/web\/imagenes\/foto-reportaje\/","title":{"rendered":"Multimedia"},"content":{"rendered":"<h3>D\u00cdA DE LA PAZ<\/h3>\n<p><strong>&#8220;L@s ni\u00f1@s queremos la Paz&#8221;:<\/strong><\/p>\n<p><iframe loading=\"lazy\" src=\"https:\/\/drive.google.com\/file\/d\/0B6LCFgPqjtgxRHo3SmZaUklRVWM\/preview\" width=\"640\" height=\"480\"><\/iframe><\/p>\n<p><strong>Txoria txori:<\/strong><\/p>\n<p><iframe loading=\"lazy\" src=\"\/\/www.youtube.com\/embed\/0NW7CZxOxhI\" width=\"560\" height=\"314\" allowfullscreen=\"allowfullscreen\"><\/iframe><\/p>\n<h3>PRESENTACI\u00d3N DEL CENTRO<\/h3>\n<p>Paseo en fotos por un curso escolar&#8230;<\/p>\n<p><iframe loading=\"lazy\" src=\"https:\/\/drive.google.com\/file\/d\/0B6LCFgPqjtgxb2pjcEZnbHNKV1E\/preview\" width=\"640\" height=\"480\"><\/iframe><\/p>\n","protected":false},"excerpt":{"rendered":"<p>D\u00cdA DE LA PAZ &#8220;L@s ni\u00f1@s queremos la Paz&#8221;: Txoria txori: PRESENTACI\u00d3N DEL CENTRO Paseo en fotos por un curso escolar&#8230;<\/p>\n","protected":false},"author":1,"featured_media":0,"parent":134,"menu_order":2,"comment_status":"closed","ping_status":"closed","template":"","meta":[],"_links":{"self":[{"href":"https:\/\/cptafalla.educacion.navarra.es\/web\/wp-json\/wp\/v2\/pages\/102"}],"collection":[{"href":"https:\/\/cptafalla.educacion.navarra.es\/web\/wp-json\/wp\/v2\/pages"}],"about":[{"href":"https:\/\/cptafalla.educacion.navarra.es\/web\/wp-json\/wp\/v2\/types\/page"}],"author":[{"embeddable":true,"href":"https:\/\/cptafalla.educacion.navarra.es\/web\/wp-json\/wp\/v2\/users\/1"}],"replies":[{"embeddable":true,"href":"https:\/\/cptafalla.educacion.navarra.es\/web\/wp-json\/wp\/v2\/comments?post=102"}],"version-history":[{"count":16,"href":"https:\/\/cptafalla.educacion.navarra.es\/web\/wp-json\/wp\/v2\/pages\/102\/revisions"}],"predecessor-version":[{"id":1933,"href":"https:\/\/cptafalla.educacion.navarra.es\/web\/wp-json\/wp\/v2\/pages\/102\/revisions\/1933"}],"up":[{"embeddable":true,"href":"https:\/\/cptafalla.educacion.navarra.es\/web\/wp-json\/wp\/v2\/pages\/134"}],"wp:attachment":[{"href":"https:\/\/cptafalla.educacion.navarra.es\/web\/wp-json\/wp\/v2\/media?parent=102"}],"curies":[{"name":"wp","href":"https:\/\/api.w.org\/{rel}","templated":true}]}}

<h3>DÍA DE LA PAZ</h3>
<p><strong>&#8220;L@s niñ@s queremos la Paz&#8221;:</strong></p>
<p><iframe loading="lazy" src="https://drive.google.com/file/d/0B6LCFgPqjtgxRHo3SmZaUklRVWM/preview" width="640" height="480"></iframe></p>
<p><strong>Txoria txori:</strong></p>
<p><iframe loading="lazy" src="//www.youtube.com/embed/0NW7CZxOxhI" width="560" height="314" allowfullscreen="allowfullscreen"></iframe></p>
<h3>PRESENTACIÓN DEL CENTRO</h3>
<p>Paseo en fotos por un curso escolar&#8230;</p>
<p><iframe loading="lazy" src="https://drive.google.com/file/d/0B6LCFgPqjtgxb2pjcEZnbHNKV1E/preview" width="640" height="480"></iframe></p>

<p>DÍA DE LA PAZ &#8220;L@s niñ@s queremos la Paz&#8221;: Txoria txori: PRESENTACIÓN DEL CENTRO Paseo en fotos por un curso escolar&#8230;</p>
